t common divisor of 191 and 120?
1
What is the greatest common factor of 84 and 36996?
12
Calculate the greatest common divisor of 42282 and 2.
2
What is the highest common divisor of 6083 and 924?
77
What is the highest common factor of 6655 and 407?
11
Calculate the highest common divisor of 248 and 3138874.
62
What is the greatest common factor of 47 and 166662?
47
What is the highest common factor of 18599 and 35?
7
Calculate the greatest common divisor of 143970 and 15.
15
What is the greatest common factor of 22 and 26026?
22
What is the highest common divisor of 666 and 120600?
18
Calculate the greatest common divisor of 12259 and 1196.
299
Calculate the highest common divisor of 159 and 9879.
3
What is the highest common divisor of 5 and 24476?
1
Calculate the greatest common factor of 28971 and 20646.
333
What is the greatest common factor of 32865 and 28?
7
Calculate the highest common factor of 2366 and 22526.
14
Calculate the highest common divisor of 17721 and 22.
11
What is the highest common factor of 22204 and 976?
244
What is the highest common factor of 4509 and 135?
27
What is the greatest common factor of 12012 and 34188?
924
What is the highest common factor of 1363 and 49820?
47
What is the highest common divisor of 3375 and 16650?
225
What is the greatest common factor of 196 and 131173?
49
What is the greatest common divisor of 127059 and 82?
41
What is the greatest common divisor of 131993 and 19?
19
What is the greatest common divisor of 2414 and 377578?
142
What is the highest common divisor of 162206 and 202?
202
What is the greatest common divisor of 48503 and 35?
7
Calculate the greatest common divisor of 1590 and 1095.
15
What is the greatest common divisor of 377 and 49439?
13
What is the greatest common factor of 203 and 25085?
29
What is the highest common divisor of 1931218 and 46?
46
What is the highest common divisor of 452725 and 275?
25
Calculate the greatest common factor of 180442 and 25066.
166
Calculate the greatest common factor of 432 and 99504.
144
What is the greatest common divisor of 520 and 49985?
65
What is the greatest common factor of 447 and 5019?
3
What is the highest common factor of 2311350 and 25?
25
Calculate the highest common factor of 194 and 140747.
97
Calculate the greatest common factor of 30422 and 574.
574
Calculate the greatest common factor of 10736 and 528.
176
What is the highest common divisor of 626202 and 342?
342
Calculate the highest common divisor of 1150 and 943.
23
Calculate the highest common factor of 19035 and 94.
47
What is the highest common divisor of 60 and 174210?
30
Calculate the greatest common factor of 666873 and 81.
81
What is the highest common divisor of 381333 and 237?
237
Calculate the greatest common divisor of 380 and 17660.
20
What is the greatest common factor of 190 and 618070?
190
Calculate the highest common factor of 480 and 14304.
96
Calculate the greatest common divisor of 790 and 488615.
395
Calculate the highest common factor of 3796231 and 6519.
2173
What is the highest common factor of 98 and 54838?
14
What is the highest common factor of 909880 and 440?
40
What is the greatest common factor of 65803 and 23?
23
What is the greatest common factor of 56140 and 105?
35
Calculate the highest common factor of 11125 and 5.
5
What is the highest common divisor of 109232 and 208?
16
What is the highest common factor of 179 and 4?
1
What is the highest common divisor of 2834470 and 30?
10
What is the highest common factor of 19965 and 660?
165
Calculate the highest common divisor of 12341568 and 192.
192
Calculate the highest common factor of 638172 and 288.
36
Calculate the greatest common divisor of 3424 and 1240772.
428
What is the greatest common divisor of 26 and 35116?
2
What is the greatest common factor of 441 and 72569?
49
Calculate the highest common divisor of 4862 and 16.
2
What is the highest common factor of 2232 and 2520?
72
What is the highest common factor of 59494 and 16912?
302
Calculate the highest common divisor of 80085 and 19380.
285
What is the highest common factor of 87 and 35641?
29
What is the greatest common divisor of 21 and 904596?
21
Calculate the greatest common factor of 384 and 3860928.
192
What is the greatest common divisor of 244 and 1091412?
244
Calculate the greatest common factor of 53970 and 294.
42
What is the greatest common divisor of 3483 and 135?
27
Calculate the highest common divisor of 6224 and 592.
16
Calculate the highest common divisor of 463 and 503281.
463
What is the greatest common divisor of 303648 and 192?
96
Calculate the greatest common divisor of 269310 and 12.
6
What is the greatest common divisor of 16 and 604?
4
Calculate the highest common divisor of 380 and 545452.
76
Calculate the greatest common divisor of 15162 and 85386.
798
What is the highest common factor of 38 and 2282?
2
Calculate the highest common factor of 570 and 5070.
30
Calculate the highest common factor of 1410 and 3551320.
470
What is the highest common divisor of 16214 and 12826?
242
What is the highest common factor of 146567 and 194?
97
What is the greatest common factor of 198037 and 266?
133
What is the greatest common divisor of 1010 and 44820?
10
What is the greatest common divisor of 162165 and 114?
57
What is the highest common divisor of 3771084 and 12?
12
Calculate the greatest common divisor of 9 and 78885.
9
Calculate the highest common divisor of 83770 and 10.
10
What is the greatest common divisor of 12 and 13434?
6
What is the greatest common divisor of 34 and 1220124?
34
Calculate the highest common divisor of 4046 and 2464.
14
Calculate the greatest common divisor of 230 and 292882.
46
Calculate the greatest common divisor of 1000 and 359000.
1000
What is the highest common divisor of 176 and 1276?
44
What is the highest common factor of 9 and 47961?
9
Calculate the greatest common factor of 23 and 1293727.
23
What is the greatest common factor of 108 and 43389?
27
What is the highest common factor of 4 and 1418224?
4
What is the highest common factor of 356414 and 2?
2
What is the greatest common divisor of 1635 and 26269?
109
Calculate the highest common divisor of 81795 and 1189.
41
Calculate the greatest common factor of 138404 and 84.
28
What is the greatest common divisor of 23 and 281129?
23
What is the greatest common factor of 2589 and 213161?
863
Calculate the greatest common factor of 135471 and 21.
21
Calculate the greatest common factor of 221 and 19510764.
221
What is the highest common factor of 341 and 10219?
11
What is the highest common factor of 41765 and 15?
5
What is the greatest common factor of 20 and 88670?
10
Calculate the greatest common factor of 69 and 47955.
69
Calculate the highest common factor of 933 and 148036.
311
What is the highest common factor of 18 and 76104?
18
Calculate the highest common factor of 709400 and 1600.
200
Calculate the greatest common divisor of 53361 and 198.
99
What is the greatest common divisor of 112398 and 131?
131
What is the greatest common factor of 70742 and 161?
7
Calculate the greatest common factor of 3683 and 5.
1
Calculate the highest common factor of 8310 and 570.
30
What is the greatest common divisor of 128844 and 216?
108
What is the highest common divisor of 93645 and 5?
5
Calculate the greatest common divisor of 30 and 18064920.
30
Calculate the highest common divisor of 336 and 188762.
14
Calculate the highest common factor of 2312 and 407201.
289
What is the greatest common factor of 203214 and 2244?
66
What is the greatest common factor of 572508 and 248?
124
What is the highest common divisor of 2525 and 113675?
25
Calculate the highest common divisor of 700 and 22554.
14
Calculate the highest common divisor of 20 and 7145.
5
What is the highest common factor of 16 and 1788?
4
Calculate the greatest common divisor of 298469 and 776.
97
What is the highest common divisor of 52341 and 657?
219
Calculate the greatest common factor of 6558 and 3858.
6
What is the highest common factor of 1526 and 167206?
218
Calculate the highest common factor of 716 and 76.
4
Calculate the greatest common divisor of 4758 and 130.
26
What is the greatest common factor of 416545 and 38590?
1135
Calculate the highest common factor o